2 - 45*f + 334. Calculate l(37).
38
Let d(h) = 8*h**2 - 58*h + 40. Determine d(7).
26
Let o(k) = 108*k - 351. What is o(5)?
189
Let g(p) = -22*p - 117. Give g(-8).
59
Let l(u) = -u**2 + 72*u + 1342. Calculate l(87).
37
Let r(i) = i**3 - 54*i**2 - 7*i + 407. Determine r(54).
29
Let w(m) = -19*m - 34. What is w(-6)?
80
Let f(s) = -s**2 - 16*s + 11. Determine f(-6).
71
Let z(b) = -12*b**2 - 74*b - 11. Calculate z(-6).
1
Let k(y) = -y**2 - 31*y + 31. Determine k(-33).
-35
Let f(w) = -2*w**3 - 27*w**2 - 18*w - 58. Calculate f(-13).
7
Let m(y) = -5*y + 28. Determine m(0).
28
Let v(z) = -z**3 - 2*z**2 + 115*z - 4. Give v(9).
140
Let j(o) = -2*o**2 - 349*o - 4646. What is j(-160)?
-6
Let u(n) = 6*n**2 + 177*n - 82. Calculate u(-30).
8
Let s(o) = -3*o**2 - 12*o - 17. What is s(-7)?
-80
Let j(h) = h**3 - 15*h**2 - 31. What is j(15)?
-31
Let j(s) = 2*s**2 + 78*s + 736. Calculate j(-23).
0
Let i(y) = -2*y + 497. What is i(-7)?
511
Let j(a) = -a**3 - 7*a**2 + 7*a - 13. Calculate j(-8).
-5
Let t(w) = -13*w + 178. Calculate t(10).
48
Let b(k) = k**2 - 37*k + 217. Calculate b(14).
-105
Let v(k) = 101*k - 685. Determine v(7).
22
Let f(o) = 135*o - 77. Give f(3).
328
Let i(g) = -4*g**2 - 9*g - 14. Give i(-7).
-147
Let y(f) = -f**3 - 14*f**2 - 27*f + 34. What is y(-12)?
70
Let f(m) = m**3 - 14*m**2 + 37*m - 34. Determine f(11).
10
Let i(h) = -342*h + 7501. Calculate i(22).
-23
Let t(r) = 19*r + 1884. Give t(-99).
3
Let y(v) = -10*v**3 + 101*v**2 - 15*v + 19. Give y(10).
-31
Let t(i) = -i**3 - 71*i**2 - 795*i + 196. What is t(-57)?
25
Let u(z) = z**2 + 252*z - 759. Calculate u(3).
6
Let b(u) = -7789*u + 77888. Calculate b(10).
-2
Let t(u) = -u**3 + 70*u**2 + 19*u - 1338. Calculate t(70).
-8
Let b(p) = 8*p + 498. What is b(-49)?
106
Let d(s) = 1478*s + 1503. Determine d(-1).
25
Let f(x) = -3*x**3 - 8*x**2 + 45*x - 67. Determine f(2).
-33
Let y(l) = -26*l - 780. Calculate y(-47).
442
Let q(a) = -3380*a + 6800. What is q(2)?
40
Let w(t) = t**2 - 637*t + 37689. What is w(66)?
3
Let p(w) = -6*w**2 + 1127*w + 1130. What is p(-1)?
-3
Let i(o) = 3*o**3 - 52*o**2 + 17*o + 26. Calculate i(17).
26
Let u(t) = -t**2 - 1239*t - 65125. Determine u(-55).
-5
Let a(z) = z**3 - 30*z**2 + 192*z + 46. What is a(10)?
-34
Let u(n) = 21*n**3 + 270*n**2 + 17*n - 17. Give u(-13).
-745
Let h(x) = -9*x + 64. Determine h(-6).
118
Let c(b) = -b**2 - 70*b - 566. What is c(-59)?
83
Let w(a) = a**3 - 3*a + 19. Determine w(4).
71
Let o(n) = 218*n - 59292. What is o(272)?
4
Let f(y) = 2*y**2 - 74*y - 315. Calculate f(41).
13
Let c(u) = -u**3 - 24*u**2 - 89*u + 69. Give c(-19).
-45
Let r(g) = 2*g**2 + 1055*g - 3178. Give r(3).
5
Let w(v) = -4*v**2 + 6*v + 18. Calculate w(4).
-22
Let c(i) = -4*i**2 + 125*i + 111. Give c(32).
15
Let g(r) = 22*r + 51. Give g(-8).
-125
Let t(u) = 744*u + 13398. What is t(-18)?
6
Let c(t) = 591*t + 5919. Calculate c(-10).
9
Let x(f) = f**3 + 23*f**2 + 69*f - 133. What is x(-19)?
0
Let x(d) = d**2 - 5*d - 86. What is x(12)?
-2
Let z(y) = 4*y**2 - 51*y + 60. Give z(12).
24
Let w(h) = -5*h**2 - 43*h + 32. Determine w(-11).
-100
Let s(y) = -2*y**3 + 20*y**2 + 162*y - 1285. Determine s(12).
83
Let l(t) = -2*t**3 - 17*t**2 - 25*t + 7. Determine l(-2).
5
Let r(x) = -3391*x + 50872. Calculate r(15).
7
Let r(t) = 158*t - 2053. Calculate r(13).
1
Let q(t) = -t**2 - 593*t - 4696. Determine q(-8).
-16
Let b(a) = -a**2 + 51*a + 134. Determine b(-9).
-406
Let v(w) = -24*w - 597. Determine v(-25).
3
Let k(w) = 121*w - 25. Determine k(2).
217
Let t(a) = -a**3 - 51*a**2 - 238*a - 503. Calculate t(-46).
-135
Let g(n) = n**3 + 25*n**2 + 143*n - 50. Give g(-16).
-34
Let c(l) = -2*l**3 + 68*l**2 - 195*l - 8. Calculate c(3).
-35
Let f(g) = g**3 - 33*g**2 + 68*g - 207. Determine f(31).
-21
Let o(k) = -k**3 + 27*k**2 - 53*k + 25. Determine o(25).
-50
Let k(n) = -16*n**3 - 24*n**2 + 32*n - 7. Give k(1).
-15
Let n(a) = 39*a + 16. Determine n(-4).
-140
Let t(n) = -131*n - 2475. What is t(-20)?
145
Let b(f) = -2*f**3 - 12*f**2 + 60*f + 335. Determine b(-7).
13
Let a(s) = 24*s + 24. What is a(-4)?
-72
Let l(u) = 119*u + 53. Determine l(-2).
-185
Let i(k) = 7*k**3 - 36*k**2 + 37*k - 1. What is i(1)?
7
Let u(w) = -28*w - 203. Determine u(11).
-511
Let b(j) = -156*j - 1612. Give b(-11).
104
Let u(y) = -6*y**2 - 17*y + 4. Give u(-2).
14
Let t(h) = -2*h**3 - 27*h**2 + 12*h - 39. Calculate t(-14).
-11
Let f(z) = -7*z**3 + 120*z**2 - 14*z - 29. Give f(17).
22
Let t(c) = 384*c + 386. What is t(-1)?
2
Let i(y) = 2*y**2 + 106*y + 425. Determine i(-49).
33
Let w(d) = d**3 + 8*d**2 - 47*d - 158. Give w(-3).
28
Let i(a) = -a**2 + 58*a - 742. Give i(37).
35
Let o(b) = 5800*b - 24. Determine o(0).
-24
Let q(w) = 67*w + 251. What is q(-6)?
-151
Let m(b) = -53*b + 2923. Calculate m(57).
-98
Let z(i) = -i**2 + 94*i - 149. Determine z(92).
35
Let q(o) = -359*o - 14716. Calculate q(-41).
3
Let x(s) = -7*s**2 - 137*s - 603. What is x(-6)?
-33
Let j(t) = -56*t + 3882. Calculate j(70).
-38
Let i(y) = 150*y + 3287. What is i(-22)?
-13
Let a(l) = -6*l**2 + 94*l - 119. Give a(14).
21
Let l(i) = -i**2 - 67*i - 1056. Calculate l(-27).
24
Let a(g) = 2*g**2 + 133*g - 886. Give a(-73).
63
Let y(o) = -o**3 - 14*o**2 - 13*o - 49. Determine y(-6).
-259
Let y(x) = x**3 + 47*x**2 + 7*x - 1804. Give y(-46).
-10
Let h(x) = -366*x - 16464. Calculate h(-45).
6
Let q(r) = -25*r - 516. What is q(-21)?
9
Let y(n) = -n**2 + 10*n - 11. Calculate y(15).
-86
Let m(d) = -5*d + 247. Calculate m(-29).
392
Let j(a) = -7*a**3 - 3*a**2 + 14*a + 18. Calculate j(-2).
34
Let t(y) = -205*y**2 - 11*y - 8. Give t(2).
-850
Let x(y) = -22*y + 209. What is x(17)?
-165
Let c(x) = -3*x**2 + 203*x - 553. What is c(65)?
-33
Let o(y) = -195*y + 1737. Give o(12).
-603
Let t(y) = y**2 - 1286*y - 70965. Calculate t(-53).
2
Let s(v) = 1434*v - 11460. What is s(8)?
12
Let q(t) = 18*t**2 - 250*t + 841. What is q(8)?
-7
Let h(x) = 46*x + 7264. Calculate h(-158).
-4
Let v(n) = -5*n**2 - 470*n + 473. Give v(1).
-2
Let j(s) = 19*s**2 + 15*s - 15. Give j(1).
19
Let w(i) = -3*i**2 - 12. Determine w(-5).
-87
Let q(n) = -10*n - 314. Calculate q(-33).
16
Let t(f) = 2*f**2 + 819*f + 4873. Determine t(-6).
31
Let t(b) = -b**3 - 4*b**2 + 34*b - 10. Give t(-8).
-26
Let b(z) = -204*z**2 + 5503*z + 60. Give b(27).
-75
Let s(n) = -2*n**2 + 11*n + 6. Determine s(-1).
-7
Let v(r) = -6102*r - 6122. Determine v(-1).
-20
Let k(x) = -2*x**3 - 10*x**2 + 18*x + 20. Determine k(-6).
-16
Let a(q) = q**2 - 67*q + 1070. Calculate a(29).
-32
Let c(s) = -1689*s - 3386. What is c(-2)?
-8
Let o(n) = 2*n**3 + 2*n**2 + n + 10. Give o(3).
85
Let x(m) = -75*m - 3114. Calculate x(-43).
111
Let v(r) = 5*r**3 - 5*r**2 + 14*r - 36. Calculate v(3).
96
Let o(k) = 48*k**2 - 24*k - 27. Determine o(-1).
45
Let w(d) = -15*d**2 + 12*d + 35. Calculate w(-6).
-577
Let n(k) = k**3 - 95*k**2 - 290*k - 406. Calculate n(98).
-14
Let c(w) = 4*w**3 - 76*w**2 - 82*w + 13. What is c(20)?
-27
Let x(l) = -24*l + 1004. What is x(26)?
380
Let q(u) = 57*u + 87. Calculate q(-2).
-27
Let g(f) = -44*f - 3. Calculate g(-1).
41
Let k(i) = i**2 + 299*i - 4389. Calculate k(14).
-7
Let z(v) = 2198*v + 24173. Calculate z(-11).
-5
Let o(k) = 15*k + 725. What is o(-42)?
95
Let j(g) = 17*g**2 - 9*g + 8. Calculate j(1).
16
Let b(g) = -25*g + 145. Determine b(27).
-530
Let j(h) = -2*h**3 + 41*h**2 + 17*h + 10. Determine j(21).
-74
Let v(d) = -4*d**3 + 76*d**2 - 2*d + 14. What is v(19)?
-24
Let j(m) = 4361*m - 17442. Determine j(4).
2
Let d(i) = 27*i**3 + 3*i**2 - 16*i - 19. What is d(-1)?
-27
Let q(b) = 3*b**3 + 127*b**2 + 41*b - 167. Give q(-42).
-125
Let i(s) = 2*s**3 + 34*s**2 - 77*s - 11. Determine i(-19).
8
Let b(p) = 33*p**3 - 495*p**2 - 2*p + 32. Give b(15).
2
Let b(j) = j**2 + 22*j + 187. Calculate b(0).
187
Let z(j) = -j**3 + 7*j**2 + 69*j + 38. Calculate z(13).
-79
Let x(s) = 11*s + 257. Determine x(-24).
-7
Let d(c) = -52*c**2 + 11*c - 82. Calculate d(4).
-870
Let p(t) = 106*t + 527. Calculate p(-5).
-3
Let j(l) = l**3 + 18*l - 147. What is j(0)?
-147
Let s(z) = z**3 - 29*z**2 + 27*z + 99. Give s(28).
71
Let f(n) = -19*n**3 + n**2 + n - 3. What is f(-1)?
16
Let m(q) = -5*q + 120. What is m(25)?
-5
Let t(i) = -i**3 - 85*i**2 - 89*i - 369. Determine t(-84).
51
Let b(d) = 252*d + 643. What is b(-2)?
139
Let o(m) = 90*m**3 - 9*m**2 